b.
2, 43
Let x(o) = -39*o - 1. Let k be x(-1). Let f = k + -18. List the prime factors of f.
2, 5
Let d = 19 - 28. Let x be (-346)/18 + (-2)/d. Let v = -3 - x. What are the prime factors of v?
2
Let v(k) = -k**3 - 8*k**2 + 7*k + 7. Let n be v(-9). Let b(y) = -2*y**3 + 2*y**2 - 2*y + 2. Let q be b(2). What are the prime factors of ((-40)/n)/(2/q)?
2
Suppose 0 = n + 2, 7*v - 2*n - 174 = 2*v. Let t = 11 + v. List the prime factors of t.
3, 5
Let k = -36 + 22. Let l(q) = -q**2 + 4*q - 5. Let b be l(2). Let i = b - k. What are the prime factors of i?
13
Let j(s) = 2*s**3 - 7*s**2 - s + 5. List the prime factors of j(4).
17
Suppose 0 = 6*y - 5*y - 2. Suppose a - 3 = y, 5*u = -3*a + 185. List the prime factors of u.
2, 17
What are the prime factors of -1*-188*(-4)/(-8)?
2, 47
Let z be (-1)/4 + (-46)/8. List the prime factors of (-4)/z*3*10.
2, 5
Suppose -2*p - c = -6*c + 29, -4*p - c = 91. Let v = p + 40. What are the prime factors of v?
2, 3
Let d = 7 + -4. Suppose d*n = -n - 3*c + 29, -c = -3. List the prime factors of n.
5
Let i(o) = o**3 - o**2 + o + 5. Let m be i(0). Suppose 4*n = -4*s, 0*n - 3*n + m = 2*s. Let x = n + -2. List the prime factors of x.
3
Suppose 0 = -0*h - 4*h + 64. Suppose -29 - h = -5*u. What are the prime factors of u?
3
Let c(g) = g**3 + 6*g**2 - 8*g - 1. Let x be c(-7). Suppose n + 3*j - 2 = -12, -n - x = 2*j. List the prime factors of n.
2
Let b = -17 - -61. List the prime factors of b.
2, 11
Let u be (-2)/((2/(-4))/1). Suppose -d + u + 1 = 0. What are the prime factors of d?
5
Suppose 14 = -2*z + 126. List the prime factors of z.
2, 7
Let i(l) = -l**3 + 4*l**2 + 5*l - 6. Suppose -5*m - 15 = -q, -2*q - 2*m = -0*q - 6. Let k be i(q). What are the prime factors of ((-28)/k)/((-10)/(-15))?
7
Let y(p) = p**3 + 2*p**2 - 4*p - 3. Let q be (-27)/12 + (-2)/(-8). Let m be y(q). List the prime factors of (1 - -2)*m/5.
3
Let n(s) = 3*s**3 - 10*s**2 + 1. Let d(u) = u**3 - u**2 + u - 1. Let k(f) = 4*d(f) - n(f). Let m be k(-5). Suppose 4*q = -m*q + 16. List the prime factors of q.
2
Suppose 4*r - 5*g = 13, 2*r = 5*g + 5 + 4. Suppose -r*d + 1 = -d. List the prime factors of 2 - -9*1*d.
11
Suppose -302 = -5*g - 72. List the prime factors of g.
2, 23
Let i(g) = -2*g + 2 - 2*g + 2*g**2 + 7*g. Let a be i(-2). Suppose -a*r + 65 = -5*v, -r = -2*v - 2 - 15. What are the prime factors of r?
3, 5
Suppose 3*a + 438 = 9*a. List the prime factors of a.
73
Suppose 4*p = 3*i - 147, -4*i + p = -3*i - 48. List the prime factors of (i/(-4))/((-6)/24).
3, 5
Suppose 5*s - 31 = 4*c, 4*s - 4*c = -3*c + 16. Suppose 23 = 4*u + 5*z, 5*u = -5*z + s*z + 16. List the prime factors of 0/(-2) + 0 + u.
2
Suppose -4*h + 5 = -9*h. Let q = h - -3. What are the prime factors of q?
2
List the prime factors of (-2)/(-9) - (-1900)/36.
53
Let u be (-1 - -2)/(2/(-18)). Let c = u - -30. What are the prime factors of c?
3, 7
Let v = 55 - 2. Suppose -3*y = 3*w - w - v, 3*w = -4*y + 69. Let l = -13 + y. What are the prime factors of l?
2
Suppose 2*r - 3*r = 0. Suppose r = -z + 4 + 5. List the prime factors of z.
3
Suppose -q - 20 = 28. Let b = -28 - q. List the prime factors of b.
2, 5
What are the prime factors of (-254)/(-4) - ((-3)/(-6))/(-1)?
2
Let x(d) = d + d**2 + 2*d - 17 - 4*d. List the prime factors of x(7).
5
Let b(c) = -c**2 + 25*c + 26. List the prime factors of b(13).
2, 7, 13
Let w = 176 + -96. What are the prime factors of w?
2, 5
Let q = -9 - -140. What are the prime factors of q?
131
Let h(z) = 19*z. Let b be h(3). Suppose u = -4*a + 25, -b = -5*a + 4*u - 10. Suppose -4*g - a = -5*g. What are the prime factors of g?
7
Suppose -250 = -3*t + t. Suppose 5*c + 5*a - t = 0, 0 = -a + 1 - 3. List the prime factors of c.
3
Let v be (-18)/(-8) - (-1)/(-4). Suppose 0 = -v*o + 4*o + 5*l + 74, 2*l = 4*o + 100. List the prime factors of (-106)/(-9) - 6/o.
2, 3
Let x(a) = 2*a**3 - 3*a**2 - 5*a + 8. What are the prime factors of x(4)?
2, 17
Let i be 8/(-36) - 3608/(-36). Suppose -i + 10 = -2*u. List the prime factors of u.
3, 5
Suppose 2*h - 35 = 41. What are the prime factors of h?
2, 19
Let w = 13 - 7. What are the prime factors of w?
2, 3
Suppose 3*t - 2*y = 3*y + 216, -344 = -5*t + 3*y. List the prime factors of t.
67
Suppose -5*h + 81 = -24. Suppose -13 = -j - j + m, -3*j + m + h = 0. What are the prime factors of j?
2
Let l be 0 - (3 + -8 + 3). Suppose -4 = -l*n + 10. What are the prime factors of n?
7
Suppose 0 = 5*a + 2*t - 210, t = 5*a - 85 - 110. List the prime factors of a.
2, 5
Suppose -80 - 115 = -5*w. List the prime factors of w.
3, 13
Let u(c) = 30*c - 2. Let f be u(3). Suppose 0 = -g - 3*b + 26, 3*g + f = 6*g - b. What are the prime factors of g?
29
Let x be 286 + 1 + -3 + 6. Suppose 3*r + x = 8*r. What are the prime factors of r?
2, 29
List the prime factors of -1 + (-4 + 3 - -4).
2
Let c(i) = 9*i - 8. What are the prime factors of c(5)?
37
Suppose 4*o - 2*o = 0. Suppose o = 5*f - 3*f - 6. Suppose 5*m = f*m + 38. List the prime factors of m.
19
Let c(l) = -l**2 + 10*l + 10. Let f be c(9). Let z = f - 17. List the prime factors of z.
2
Let w(x) = -2*x**2 - x. Let n be w(-1). Let a(i) = -25*i**3 + 2*i + 1. What are the prime factors of a(n)?
2, 3
Let l(z) be the second derivative of -z**5/20 + z**4/4 + z**3/3 - 2*z**2 + 2*z. Let v be l(3). Suppose -v*a + 6*a = 48. What are the prime factors of a?
2, 3
Let o(c) = 2*c - 7. Suppose 3*a + x - 8 = 2*a, 4*x = 2*a - 10. What are the prime factors of o(a)?
7
Suppose 0 = -f + 2*j - 2, -f - f = -2*j - 4. Let t = f + -4. Let y = 6 - t. List the prime factors of y.
2
Suppose -2*s + 7 = -5. Let r = 10 + s. List the prime factors of r.
2
Let z be (137/(-2))/(1/(-2)). What are the prime factors of z/15 - 4/30?
3
Suppose 14*j - 2082 = 340. List the prime factors of j.
173
Suppose -2*f - 4 = -3*f. Suppose f*o - 75 = -o. Suppose -o = 4*n - 9*n. List the prime factors of n.
3
Suppose 0 = -3*i + 24 - 3. List the prime factors of i.
7
Suppose -4*d - 6*t = -2*t, 3*t = d - 16. Suppose 4*y = 12, -12 = -d*n + 3*y + y. Let h = n - -3. List the prime factors of h.
3
Suppose -5*n = 3*r - 129, 63 = r - 0*r - 5*n. List the prime factors of r.
2, 3
Let b = -55 - -163. Suppose 0 = -4*n + n + b. What are the prime factors of n?
2, 3
Suppose 5*f - 77 + 202 = 0. Let x = f - -35. List the prime factors of x.
2, 5
Let m = 355 + -11. List the prime factors of m.
2, 43
Let a = 0 - -2. Suppose v - 19 = -5*q - a*v, -v = -3. What are the prime factors of q/(1 + -3) + 14?
13
Let b = 469 + -263. What are the prime factors of b?
2, 103
Suppose 0 = 12*g - 11*g - 19. List the prime factors of g.
19
Let s = -92 + 188. List the prime factors of s.
2, 3
Suppose 23*l = 6*l + 3519. What are the prime factors of l?
3, 23
Let j be 7 + (2 - (4 - 2)). Let p be (-148)/(-28) - 2/j. Suppose -p*t + 40 = 2*w + w, -w - 49 = -4*t. What are the prime factors of t?
11
Suppose -4*i - 4*l = -168, i + 96 = 3*i - l. List the prime factors of i.
2, 23
Suppose 0 = -10*o + 7*o + 894. List the prime factors of o.
2, 149
Let o(j) = 5*j**3 + 2*j**2 - 3*j - 8. Let d(g) = -g**3 + g**2. Let c(r) = 6*d(r) + o(r). List the prime factors of c(7).
2, 5
Let k be (-3 - 6/(-3))*-6. Suppose 4*m = 5*m - k. What are the prime factors of m?
2, 3
Let h be (2/(-2) - 1)*-1. Suppose 6*d - d - 4 = -3*t, 0 = -4*t + h*d + 40. Let i = t + -5. List the prime factors of i.
3
Suppose 3*y + 12 = 2*o, 0 - 4 = 3*o + y. Suppose o*t + 1 = -t. What are the prime factors of (2*t - 0)*-2?
2
Let y be 9/(-6)*(-16)/6. Let k(i) = 11*i - 6. What are the prime factors of k(y)?
2, 19
Suppose -147 - 6 = -9*j. List the prime factors of j.
17
Let j = -11 + 16. Suppose 0*i + 3*i - 49 = 5*o, -75 = -j*i + 5*o. Let w = i - -5. List the prime factors of w.
2, 3
Let a(h) = 5*h. What are the prime factors of a(5)?
5
Suppose -7 = -5*x + 83. List the prime factors of x.
2, 3
Let h(s) = s + 61. What are the prime factors of h(25)?
2, 43
Let v = 3 - -3. Suppose 3*o + a - 10 = 0, 5*o - v*a + 2*a = 45. Suppose 94 = o*x + 24. List the prime factors of x.
2, 7
Let j(n) = n**2 + n - 4. Let k be j(-3). Suppose d = 4*u - 20, -u = -4*d - 14 - 6. Suppose -v = u*f - 17, -2*f + 19 = 3*v - k. What are the prime factors of v?
5
Let v = 4 + -3. Let m be (-1)/(-3) - v/3. Suppose 12 = -3*o, m = 3*q - 2*o - 4 - 19. What are the prime factors of q?
5
L